{"id":199,"date":"2022-01-25T10:16:22","date_gmt":"2022-01-25T10:16:22","guid":{"rendered":"https:\/\/demosites.royal-elementor-addons.com\/photography-v1\/?page_id=199"},"modified":"2026-04-16T20:24:39","modified_gmt":"2026-04-16T20:24:39","slug":"portfolio","status":"publish","type":"page","link":"https:\/\/monportfolio.ilhan.baudelot.mmi-velizy.fr\/wp2\/portfolio\/","title":{"rendered":"Portfolio"},"content":{"rendered":"\t\t<div data-elementor-type=\"wp-page\" data-elementor-id=\"199\" class=\"elementor elementor-199\">\n\t\t\t\t\t\t<section class=\"elementor-section elementor-top-section elementor-element elementor-element-19435c0 elementor-section-height-min-height elementor-section-boxed elementor-section-height-default elementor-section-items-middle wpr-particle-no wpr-jarallax-no wpr-parallax-no wpr-sticky-section-no wpr-equal-height-no\" data-id=\"19435c0\" data-element_type=\"section\" data-e-type=\"section\" data-settings=\"{&quot;background_background&quot;:&quot;classic&quot;}\">\n\t\t\t\t\t\t\t<div class=\"elementor-background-overlay\"><\/div>\n\t\t\t\t\t\t\t<div class=\"elementor-container elementor-column-gap-default\">\n\t\t\t\t\t<div class=\"elementor-column elementor-col-100 elementor-top-column elementor-element elementor-element-d129029\" data-id=\"d129029\" data-element_type=\"column\" data-e-type=\"column\">\n\t\t\t<div class=\"elementor-widget-wrap elementor-element-populated\">\n\t\t\t\t\t\t<div class=\"elementor-element elementor-element-6cb7194 elementor-widget elementor-widget-heading\" data-id=\"6cb7194\" data-element_type=\"widget\" data-e-type=\"widget\" data-widget_type=\"heading.default\">\n\t\t\t\t\t<h2 class=\"elementor-heading-title elementor-size-default\">PORTFOLIO<\/h2>\t\t\t\t<\/div>\n\t\t\t\t\t<\/div>\n\t\t<\/div>\n\t\t\t\t\t<\/div>\n\t\t<\/section>\n\t\t\t\t<section class=\"elementor-section elementor-top-section elementor-element elementor-element-d640f8d elementor-section-boxed elementor-section-height-default elementor-section-height-default wpr-particle-no wpr-jarallax-no wpr-parallax-no wpr-sticky-section-no wpr-equal-height-no\" data-id=\"d640f8d\" data-element_type=\"section\" data-e-type=\"section\">\n\t\t\t\t\t\t\t<div class=\"elementor-background-overlay\"><\/div>\n\t\t\t\t\t\t\t<div class=\"elementor-container elementor-column-gap-default\">\n\t\t\t\t\t<div class=\"elementor-column elementor-col-100 elementor-top-column elementor-element elementor-element-e7acadf\" data-id=\"e7acadf\" data-element_type=\"column\" data-e-type=\"column\">\n\t\t\t<div class=\"elementor-widget-wrap elementor-element-populated\">\n\t\t\t\t\t\t<div class=\"elementor-element elementor-element-69d554b elementor-widget elementor-widget-heading\" data-id=\"69d554b\" data-element_type=\"widget\" data-e-type=\"widget\" data-widget_type=\"heading.default\">\n\t\t\t\t\t<h2 class=\"elementor-heading-title elementor-size-default\">Mes projets<\/h2>\t\t\t\t<\/div>\n\t\t\t\t<div class=\"elementor-element elementor-element-4acc038 elementor-widget elementor-widget-text-editor\" data-id=\"4acc038\" data-element_type=\"widget\" data-e-type=\"widget\" data-widget_type=\"text-editor.default\">\n\t\t\t\t\t\t\t\t\t<p>Voici une s\u00e9lection de projets r\u00e9alis\u00e9s en premi\u00e8re ann\u00e9e de MMI.<\/p>\t\t\t\t\t\t\t\t<\/div>\n\t\t\t\t\t<\/div>\n\t\t<\/div>\n\t\t\t\t\t<\/div>\n\t\t<\/section>\n\t\t<div class=\"elementor-element elementor-element-64f2d1a e-flex e-con-boxed wpr-particle-no wpr-jarallax-no wpr-parallax-no wpr-sticky-section-no wpr-equal-height-no e-con e-parent\" data-id=\"64f2d1a\" data-element_type=\"container\" data-e-type=\"container\">\n\t\t\t\t\t<div class=\"e-con-inner\">\n\t\t\t\t<div class=\"elementor-element elementor-element-2c4f51e elementor-widget__width-auto wpr-grid-columns-2 wpr-grid-columns--laptop3 wpr-grid-columns--tablet2 wpr-grid-columns--mobile1 wpr-grid-pagination-center wpr-item-styles-inner elementor-widget elementor-widget-wpr-grid\" data-id=\"2c4f51e\" data-element_type=\"widget\" data-e-type=\"widget\" data-widget_type=\"wpr-grid.default\">\n\t\t\t\t\t<ul class=\"wpr-grid-filters elementor-clearfix wpr-grid-filters-sep-right\"><li class=\" wpr-pointer-none wpr-pointer-line-fx wpr-pointer-fx-none\"><span  data-filter=\"*\" class=\"wpr-grid-filters-item wpr-active-filter \">All Posts<\/span><em class=\"wpr-grid-filters-sep\"><\/em><\/li><li class=\" wpr-pointer-none wpr-pointer-line-fx wpr-pointer-fx-none\"><span   data-ajax-filter=[\"category\",\"audiovisuel\"]  data-filter=\".category-audiovisuel\">Audiovisuel<\/span><em class=\"wpr-grid-filters-sep\"><\/em><\/li><li class=\" wpr-pointer-none wpr-pointer-line-fx wpr-pointer-fx-none\"><span   data-ajax-filter=[\"category\",\"communication\"]  data-filter=\".category-communication\">Communication<\/span><em class=\"wpr-grid-filters-sep\"><\/em><\/li><li class=\" wpr-pointer-none wpr-pointer-line-fx wpr-pointer-fx-none\"><span   data-ajax-filter=[\"category\",\"developpement\"]  data-filter=\".category-developpement\">Developpement<\/span><em class=\"wpr-grid-filters-sep\"><\/em><\/li><li class=\" wpr-pointer-none wpr-pointer-line-fx wpr-pointer-fx-none\"><span   data-ajax-filter=[\"category\",\"graphisme\"]  data-filter=\".category-graphisme\">Graphisme<\/span><em class=\"wpr-grid-filters-sep\"><\/em><\/li><li class=\" wpr-pointer-none wpr-pointer-line-fx wpr-pointer-fx-none\"><span   data-ajax-filter=[\"category\",\"marketing\"]  data-filter=\".category-marketing\">Marketing<\/span><em class=\"wpr-grid-filters-sep\"><\/em><\/li><li class=\" wpr-pointer-none wpr-pointer-line-fx wpr-pointer-fx-none\"><span   data-ajax-filter=[\"category\",\"sites-web-et-bases-de-donnees\"]  data-filter=\".category-sites-web-et-bases-de-donnees\">Sites web et bases de donn\u00e9es<\/span><em class=\"wpr-grid-filters-sep\"><\/em><\/li><\/ul><section class=\"wpr-grid elementor-clearfix\" data-settings=\"{&quot;layout&quot;:&quot;fitRows&quot;,&quot;stick_last_element_to_bottom&quot;:&quot;&quot;,&quot;columns_desktop&quot;:&quot;2&quot;,&quot;gutter_hr&quot;:25,&quot;gutter_hr_mobile&quot;:25,&quot;gutter_hr_mobile_extra&quot;:25,&quot;gutter_hr_tablet&quot;:25,&quot;gutter_hr_tablet_extra&quot;:25,&quot;gutter_hr_laptop&quot;:25,&quot;gutter_hr_widescreen&quot;:25,&quot;gutter_vr&quot;:83,&quot;gutter_vr_mobile&quot;:83,&quot;gutter_vr_mobile_extra&quot;:83,&quot;gutter_vr_tablet&quot;:83,&quot;gutter_vr_tablet_extra&quot;:83,&quot;gutter_vr_laptop&quot;:83,&quot;gutter_vr_widescreen&quot;:83,&quot;animation&quot;:&quot;default&quot;,&quot;animation_duration&quot;:0.3,&quot;animation_delay&quot;:0.1,&quot;deeplinking&quot;:&quot;&quot;,&quot;filters_linkable&quot;:&quot;no&quot;,&quot;filters_default_filter&quot;:&quot;&quot;,&quot;filters_count&quot;:&quot;&quot;,&quot;filters_hide_empty&quot;:&quot;no&quot;,&quot;filters_animation&quot;:&quot;default&quot;,&quot;filters_animation_duration&quot;:0.3,&quot;filters_animation_delay&quot;:0.1,&quot;pagination_type&quot;:&quot;load-more&quot;,&quot;pagination_max_pages&quot;:1,&quot;lightbox&quot;:{&quot;selector&quot;:&quot;.wpr-grid-image-wrap&quot;,&quot;iframeMaxWidth&quot;:&quot;60%&quot;,&quot;hash&quot;:false,&quot;autoplay&quot;:&quot;true&quot;,&quot;pause&quot;:5000,&quot;progressBar&quot;:&quot;true&quot;,&quot;counter&quot;:&quot;true&quot;,&quot;controls&quot;:&quot;true&quot;,&quot;getCaptionFromTitleOrAlt&quot;:&quot;true&quot;,&quot;thumbnail&quot;:&quot;&quot;,&quot;showThumbByDefault&quot;:&quot;&quot;,&quot;share&quot;:&quot;&quot;,&quot;zoom&quot;:&quot;true&quot;,&quot;fullScreen&quot;:&quot;true&quot;,&quot;download&quot;:&quot;true&quot;}}\" data-advanced-filters=\"no\"><article class=\"wpr-grid-item elementor-clearfix post-1533 post type-post status-publish format-standard has-post-thumbnail hentry category-developpement category-graphisme category-sites-web-et-bases-de-donnees\"><div class=\"wpr-grid-item-inner\"><div class=\"wpr-grid-media-wrap wpr-effect-size-medium \" data-overlay-link=\"yes\"><div class=\"wpr-grid-image-wrap\" data-src=\"https:\/\/monportfolio.ilhan.baudelot.mmi-velizy.fr\/wp2\/wp-content\/uploads\/2026\/04\/1.jpg\" data-img-on-hover=\"\"  data-src-secondary=\"\"><img decoding=\"async\" data-no-lazy=\"1\" src=\"https:\/\/monportfolio.ilhan.baudelot.mmi-velizy.fr\/wp2\/wp-content\/uploads\/2026\/04\/1.jpg\" alt=\"Mock-up pour la cr\u00e9ation d&rsquo;un site web de location\" class=\"wpr-anim-timing-ease-default\"><\/div><div class=\"wpr-grid-media-hover wpr-animation-wrap\"><div class=\"wpr-grid-media-hover-bg  wpr-overlay-fade-in wpr-anim-size-large wpr-anim-timing-ease-default wpr-anim-transparency\" data-url=\"https:\/\/monportfolio.ilhan.baudelot.mmi-velizy.fr\/wp2\/2026\/04\/16\/mock-up-pour-la-creation-dun-site-web-de-location\/\"><\/div><\/div><\/div><div class=\"wpr-grid-item-below-content elementor-clearfix\"><h2 class=\"wpr-grid-item-title elementor-repeater-item-30449ce wpr-grid-item-display-block wpr-grid-item-align-left wpr-pointer-none wpr-pointer-line-fx wpr-pointer-fx-fade\"><div class=\"inner-block\"><a target=\"_self\"  href=\"https:\/\/monportfolio.ilhan.baudelot.mmi-velizy.fr\/wp2\/2026\/04\/16\/mock-up-pour-la-creation-dun-site-web-de-location\/\">Mock-up pour la cr\u00e9ation d&rsquo;un site web de location<\/a><\/div><\/h2><\/div><\/div><\/article><article class=\"wpr-grid-item elementor-clearfix post-1474 post type-post status-publish format-standard has-post-thumbnail hentry category-audiovisuel category-graphisme\"><div class=\"wpr-grid-item-inner\"><div class=\"wpr-grid-media-wrap wpr-effect-size-medium \" data-overlay-link=\"yes\"><div class=\"wpr-grid-image-wrap\" data-src=\"https:\/\/monportfolio.ilhan.baudelot.mmi-velizy.fr\/wp2\/wp-content\/uploads\/2026\/04\/Capture-decran-2026-04-16-a-18.23.17.png\" data-img-on-hover=\"\"  data-src-secondary=\"\"><img decoding=\"async\" data-no-lazy=\"1\" src=\"https:\/\/monportfolio.ilhan.baudelot.mmi-velizy.fr\/wp2\/wp-content\/uploads\/2026\/04\/Capture-decran-2026-04-16-a-18.23.17.png\" alt=\"Affiche pour un podcast\" class=\"wpr-anim-timing-ease-default\"><\/div><div class=\"wpr-grid-media-hover wpr-animation-wrap\"><div class=\"wpr-grid-media-hover-bg  wpr-overlay-fade-in wpr-anim-size-large wpr-anim-timing-ease-default wpr-anim-transparency\" data-url=\"https:\/\/monportfolio.ilhan.baudelot.mmi-velizy.fr\/wp2\/2026\/04\/16\/affiche-pour-un-podcast\/\"><\/div><\/div><\/div><div class=\"wpr-grid-item-below-content elementor-clearfix\"><h2 class=\"wpr-grid-item-title elementor-repeater-item-30449ce wpr-grid-item-display-block wpr-grid-item-align-left wpr-pointer-none wpr-pointer-line-fx wpr-pointer-fx-fade\"><div class=\"inner-block\"><a target=\"_self\"  href=\"https:\/\/monportfolio.ilhan.baudelot.mmi-velizy.fr\/wp2\/2026\/04\/16\/affiche-pour-un-podcast\/\">Affiche pour un podcast<\/a><\/div><\/h2><\/div><\/div><\/article><article class=\"wpr-grid-item elementor-clearfix post-1441 post type-post status-publish format-standard has-post-thumbnail hentry category-audiovisuel\"><div class=\"wpr-grid-item-inner\"><div class=\"wpr-grid-media-wrap wpr-effect-size-medium \" data-overlay-link=\"yes\"><div class=\"wpr-grid-image-wrap\" data-src=\"https:\/\/monportfolio.ilhan.baudelot.mmi-velizy.fr\/wp2\/wp-content\/uploads\/2026\/04\/IMG_0606-scaled.jpeg\" data-img-on-hover=\"\"  data-src-secondary=\"\"><img decoding=\"async\" data-no-lazy=\"1\" src=\"https:\/\/monportfolio.ilhan.baudelot.mmi-velizy.fr\/wp2\/wp-content\/uploads\/2026\/04\/IMG_0606-scaled.jpeg\" alt=\"montage d&#039;une pi\u00e8ce de th\u00e9atre que nous avons film\u00e9s\" class=\"wpr-anim-timing-ease-default\"><\/div><div class=\"wpr-grid-media-hover wpr-animation-wrap\"><div class=\"wpr-grid-media-hover-bg  wpr-overlay-fade-in wpr-anim-size-large wpr-anim-timing-ease-default wpr-anim-transparency\" data-url=\"https:\/\/monportfolio.ilhan.baudelot.mmi-velizy.fr\/wp2\/2026\/04\/16\/montage-dune-piece-theatre\/\"><\/div><\/div><\/div><div class=\"wpr-grid-item-below-content elementor-clearfix\"><h2 class=\"wpr-grid-item-title elementor-repeater-item-30449ce wpr-grid-item-display-block wpr-grid-item-align-left wpr-pointer-none wpr-pointer-line-fx wpr-pointer-fx-fade\"><div class=\"inner-block\"><a target=\"_self\"  href=\"https:\/\/monportfolio.ilhan.baudelot.mmi-velizy.fr\/wp2\/2026\/04\/16\/montage-dune-piece-theatre\/\">Montage d&rsquo;une pi\u00e8ce de th\u00e9\u00e2tre<\/a><\/div><\/h2><\/div><\/div><\/article><article class=\"wpr-grid-item elementor-clearfix post-1439 post type-post status-publish format-standard has-post-thumbnail hentry category-communication category-marketing\"><div class=\"wpr-grid-item-inner\"><div class=\"wpr-grid-media-wrap wpr-effect-size-medium \" data-overlay-link=\"yes\"><div class=\"wpr-grid-image-wrap\" data-src=\"https:\/\/monportfolio.ilhan.baudelot.mmi-velizy.fr\/wp2\/wp-content\/uploads\/2026\/04\/SAE-MARKETING.jpg\" data-img-on-hover=\"\"  data-src-secondary=\"\"><img decoding=\"async\" data-no-lazy=\"1\" src=\"https:\/\/monportfolio.ilhan.baudelot.mmi-velizy.fr\/wp2\/wp-content\/uploads\/2026\/04\/SAE-MARKETING.jpg\" alt=\"Strat\u00e9gie de communication d&#039;une marque cr\u00e9e de toute pi\u00e8ce\" class=\"wpr-anim-timing-ease-default\"><\/div><div class=\"wpr-grid-media-hover wpr-animation-wrap\"><div class=\"wpr-grid-media-hover-bg  wpr-overlay-fade-in wpr-anim-size-large wpr-anim-timing-ease-default wpr-anim-transparency\" data-url=\"https:\/\/monportfolio.ilhan.baudelot.mmi-velizy.fr\/wp2\/2026\/04\/16\/strategie-de-communication-the-dark-octopus\/\"><\/div><\/div><\/div><div class=\"wpr-grid-item-below-content elementor-clearfix\"><h2 class=\"wpr-grid-item-title elementor-repeater-item-30449ce wpr-grid-item-display-block wpr-grid-item-align-left wpr-pointer-none wpr-pointer-line-fx wpr-pointer-fx-fade\"><div class=\"inner-block\"><a target=\"_self\"  href=\"https:\/\/monportfolio.ilhan.baudelot.mmi-velizy.fr\/wp2\/2026\/04\/16\/strategie-de-communication-the-dark-octopus\/\">Strat\u00e9gie de communication (The Dark Octopus)<\/a><\/div><\/h2><\/div><\/div><\/article><article class=\"wpr-grid-item elementor-clearfix post-1433 post type-post status-publish format-standard has-post-thumbnail hentry category-graphisme category-uncategorized\"><div class=\"wpr-grid-item-inner\"><div class=\"wpr-grid-media-wrap wpr-effect-size-medium \" data-overlay-link=\"yes\"><div class=\"wpr-grid-image-wrap\" data-src=\"https:\/\/monportfolio.ilhan.baudelot.mmi-velizy.fr\/wp2\/wp-content\/uploads\/2026\/04\/Charte-Graphique.jpg\" data-img-on-hover=\"\"  data-src-secondary=\"\"><img decoding=\"async\" data-no-lazy=\"1\" src=\"https:\/\/monportfolio.ilhan.baudelot.mmi-velizy.fr\/wp2\/wp-content\/uploads\/2026\/04\/Charte-Graphique.jpg\" alt=\"Cr\u00e9ation d&#039;une marque et r\u00e9alisation de sa charte graphique\" class=\"wpr-anim-timing-ease-default\"><\/div><div class=\"wpr-grid-media-hover wpr-animation-wrap\"><div class=\"wpr-grid-media-hover-bg  wpr-overlay-fade-in wpr-anim-size-large wpr-anim-timing-ease-default wpr-anim-transparency\" data-url=\"https:\/\/monportfolio.ilhan.baudelot.mmi-velizy.fr\/wp2\/2026\/04\/16\/charte-graphique-de-byakko\/\"><\/div><\/div><\/div><div class=\"wpr-grid-item-below-content elementor-clearfix\"><h2 class=\"wpr-grid-item-title elementor-repeater-item-30449ce wpr-grid-item-display-block wpr-grid-item-align-left wpr-pointer-none wpr-pointer-line-fx wpr-pointer-fx-fade\"><div class=\"inner-block\"><a target=\"_self\"  href=\"https:\/\/monportfolio.ilhan.baudelot.mmi-velizy.fr\/wp2\/2026\/04\/16\/charte-graphique-de-byakko\/\">Charte graphique de Byakko<\/a><\/div><\/h2><\/div><\/div><\/article><article class=\"wpr-grid-item elementor-clearfix post-1386 post type-post status-publish format-standard has-post-thumbnail hentry category-developpement category-sites-web-et-bases-de-donnees\"><div class=\"wpr-grid-item-inner\"><div class=\"wpr-grid-media-wrap wpr-effect-size-medium \" data-overlay-link=\"yes\"><div class=\"wpr-grid-image-wrap\" data-src=\"https:\/\/monportfolio.ilhan.baudelot.mmi-velizy.fr\/wp2\/wp-content\/uploads\/2026\/04\/Capture-decran-2026-04-16-a-14.04.15-scaled.png\" data-img-on-hover=\"\"  data-src-secondary=\"\"><img decoding=\"async\" data-no-lazy=\"1\" src=\"https:\/\/monportfolio.ilhan.baudelot.mmi-velizy.fr\/wp2\/wp-content\/uploads\/2026\/04\/Capture-decran-2026-04-16-a-14.04.15-scaled.png\" alt=\"Site Web en jQuery\" class=\"wpr-anim-timing-ease-default\"><\/div><div class=\"wpr-grid-media-hover wpr-animation-wrap\"><div class=\"wpr-grid-media-hover-bg  wpr-overlay-fade-in wpr-anim-size-large wpr-anim-timing-ease-default wpr-anim-transparency\" data-url=\"https:\/\/monportfolio.ilhan.baudelot.mmi-velizy.fr\/wp2\/2026\/04\/16\/site-web-en-jquery\/\"><\/div><\/div><\/div><div class=\"wpr-grid-item-below-content elementor-clearfix\"><h2 class=\"wpr-grid-item-title elementor-repeater-item-30449ce wpr-grid-item-display-block wpr-grid-item-align-left wpr-pointer-none wpr-pointer-line-fx wpr-pointer-fx-fade\"><div class=\"inner-block\"><a target=\"_self\"  href=\"https:\/\/monportfolio.ilhan.baudelot.mmi-velizy.fr\/wp2\/2026\/04\/16\/site-web-en-jquery\/\">Site Web en jQuery<\/a><\/div><\/h2><\/div><\/div><\/article><\/section>\t\t\t\t<\/div>\n\t\t\t\t\t<\/div>\n\t\t\t\t<\/div>\n\t\t\t\t<\/div>\n\t\t","protected":false},"excerpt":{"rendered":"<p>PORTFOLIO Mes projets Voici une s\u00e9lection de projets r\u00e9alis\u00e9s en premi\u00e8re ann\u00e9e de MMI. All Posts Audiovisuel Communication Developpement Graphisme Marketing Sites web et bases de donn\u00e9es Mock-up pour la cr\u00e9ation d&rsquo;un site web de location Affiche pour un podcast Montage d&rsquo;une pi\u00e8ce de th\u00e9\u00e2tre Strat\u00e9gie de communication (The Dark Octopus) Charte graphique de Byakko Site Web en jQuery<\/p>\n","protected":false},"author":1,"featured_media":0,"parent":0,"menu_order":0,"comment_status":"closed","ping_status":"closed","template":"elementor_canvas","meta":{"footnotes":""},"class_list":["post-199","page","type-page","status-publish","hentry"],"_links":{"self":[{"href":"https:\/\/monportfolio.ilhan.baudelot.mmi-velizy.fr\/wp2\/wp-json\/wp\/v2\/pages\/199","targetHints":{"allow":["GET"]}}],"collection":[{"href":"https:\/\/monportfolio.ilhan.baudelot.mmi-velizy.fr\/wp2\/wp-json\/wp\/v2\/pages"}],"about":[{"href":"https:\/\/monportfolio.ilhan.baudelot.mmi-velizy.fr\/wp2\/wp-json\/wp\/v2\/types\/page"}],"author":[{"embeddable":true,"href":"https:\/\/monportfolio.ilhan.baudelot.mmi-velizy.fr\/wp2\/wp-json\/wp\/v2\/users\/1"}],"replies":[{"embeddable":true,"href":"https:\/\/monportfolio.ilhan.baudelot.mmi-velizy.fr\/wp2\/wp-json\/wp\/v2\/comments?post=199"}],"version-history":[{"count":39,"href":"https:\/\/monportfolio.ilhan.baudelot.mmi-velizy.fr\/wp2\/wp-json\/wp\/v2\/pages\/199\/revisions"}],"predecessor-version":[{"id":1560,"href":"https:\/\/monportfolio.ilhan.baudelot.mmi-velizy.fr\/wp2\/wp-json\/wp\/v2\/pages\/199\/revisions\/1560"}],"wp:attachment":[{"href":"https:\/\/monportfolio.ilhan.baudelot.mmi-velizy.fr\/wp2\/wp-json\/wp\/v2\/media?parent=199"}],"curies":[{"name":"wp","href":"https:\/\/api.w.org\/{rel}","templated":true}]}}